2
Suppose 4*u + 1 = -y, u - y - 2*y = -10. Let i(c) = 15*c**2 + c + 1. What is the remainder when 59 is divided by i(u)?
14
Let d(v) = v**3 + 2. Let i be d(0). Suppose x = -i*x + 2*l + 62, 2*l - 130 = -5*x. What is the remainder when x is divided by 13?
11
Suppose 0 = -2*l - 0*l - 54. Let v = l - -76. Calculate the remainder when v is divided by 13.
10
Let q = -19 - -45. Suppose 3*a - 4 - q = 0. What is the remainder when 47 is divided by a?
7
Suppose 5*u - 45 - 8 = -2*l, 5*l - 5*u = 185. What is the remainder when 66 is divided by l/3*9/6?
15
Suppose -104 = -7*g + 3*g. Let v = 49 - g. Calculate the remainder when 90 is divided by v.
21
Suppose -5*y = -667 - 163. What is the remainder when y is divided by 13?
10
Let i(x) = x - 1. Let t(v) = -v. Let n(h) = -h**2 + 6*h - 2. Let o be n(6). Calculate the remainder when i(6) is divided by t(o).
1
Let k(r) = r**3 - 6*r - 5. What is the remainder when k(5) is divided by 47?
43
Let o(m) = -2*m**2 + 2*m + 4. Let h be o(-4). Let x = h + 55. Calculate the remainder when 36 is divided by x.
17
Let o be 0 + (-102)/(-3) + -3. Let h = 58 - o. What is the remainder when h is divided by 14?
13
Suppose 0 = 4*v - 3*a - 39, -v + 10 + 5 = a. Calculate the remainder when 22 is divided by v.
10
Let s be (4 - (2 + 0)) + -2. Suppose s = z - 1 - 1. Suppose -d + 78 = z*d. Calculate the remainder when d is divided by 9.
8
Let a = 16 - 15. Suppose -3*b + 3*m = 0, 0*b + 4*m = -3*b + 21. Suppose -b*r + 2 = -4. Calculate the remainder when r is divided by a.
0
Suppose 1334 + 97 = 27*i. Let l = -11 + 25. What is the remainder when i is divided by l?
11
Let k(f) = f - 2. Let b be 5/(-25) + 62/10. Let u be k(b). What is the remainder when u/18 - (-172)/36 is divided by 3?
2
Let i(p) = p**2 - p. Let h be i(0). Suppose h = -2*y + 51 + 19. What is the remainder when y is divided by 12?
11
Let b(i) = -i**3 + 4*i**2 + 2*i - 3. Let g be b(4). Suppose 4 = g*p - 11. Suppose l = p*l - 36. What is the remainder when 52 is divided by l?
16
Let h be (-5)/2*(-5 - -3). Let y = h - 5. Suppose y = -2*j + 19 + 15. Calculate the remainder when j is divided by 5.
2
Let t be 3/(-4)*(-2 - 2). Suppose 0*k - 21 = -t*k. Let m = -14 + 34. Calculate the remainder when m is divided by k.
6
Let b(q) = 26*q + 6. Calculate the remainder when b(2) is divided by 21.
16
Let c be (9 + -9)/(2/(-2)). Suppose -28 = -h - c*h. Suppose d - 30 = -d. Calculate the remainder when h is divided by d.
13
Suppose 0 = -n - 2*t + 7*t + 19, 2*t + 6 = 0. Suppose x - 3*x = -n. Let s(o) = o**2 + 11*o + 14. Calculate the remainder when s(-10) is divided by x.
0
Let l = 376 + -261. Suppose -135 - l = -5*v. Suppose 2*w + 3*w = v. Calculate the remainder when w is divided by 6.
4
Suppose 4*a - 206 = -46. What is the remainder when a is divided by 12?
4
Let d(p) = p**2 + 5*p + 7. What is the remainder when d(-7) is divided by 8?
5
Suppose 7*z = -4*b + 2*z + 182, -3*z = 5*b - 234. What is the remainder when b is divided by 2/(-4)*1*-34?
14
Suppose 25 = 5*m - 85. Calculate the remainder when 65 is divided by m.
21
Suppose -x + 6 = -2*b, -5*x = 2*b - 4 - 2. Suppose -x*l + 12 = 2*l. Let w = -4 - -8. What is the remainder when w is divided by l?
1
Suppose 4*c = -m - 11, -4*m + 5*c + 9 = -5*m. Let v be 26 - 6/((-6)/3). Let g = v - m. What is the remainder when g is divided by 17?
14
Let z be (-1 + 0)/(3/(-9)). Suppose -l - z*b + b = -7, -4*l + 44 = 4*b. What is the remainder when 42 is divided by l?
12
Suppose -4*i - 3*q + 673 = 0, q = 2*i + 4*q - 341. What is the remainder when i is divided by 24?
22
What is the remainder when 109 is divided by (-1)/((-134)/44 - -3)?
21
Suppose -4*o - 52 = -6*o. Suppose 4*f - o - 34 = 0. What is the remainder when 29 is divided by f?
14
Let d = 14 - 0. Calculate the remainder when d is divided by 4.
2
Suppose 4*h + 127 = 371. Calculate the remainder when h is divided by 32.
29
Suppose -4*h = -3*f + 2, -2*f = -h - 3*h. Suppose -2*i - 15 = -3*i. What is the remainder when i is divided by ((-8)/5)/f*-10?
7
Let x(u) = 2*u**2 - 3*u + 6. Let p be x(4). Let m = p - 15. What is the remainder when m is divided by 7?
4
Suppose -2*o = 2*o - 4*q - 16, -4*o + 16 = 4*q. Suppose w = 5*a - 12, -2*a + 4*w - o = 2. Calculate the remainder when (5/3)/(1/a) is divided by 2.
1
Let n = 15 - 22. Calculate the remainder when 29 is divided by (-106)/n + (-1)/7.
14
Let f be (-229)/11 + 2/(-11). Let h = 31 + f. What is the remainder when 18 is divided by h?
8
Let w(r) = r**3 - 2*r**2 - 4. Let j be w(3). Suppose o - m - 2 = 0, -j*o - 2*m + 9 = -29. What is the remainder when 17 is divided by o?
5
Let p be 3*1 + (-45)/5. Let m(r) = -16*r - 2. Calculate the remainder when m(p) is divided by 24.
22
Suppose 0 = w + 8 + 7. Let u be 1/((-33)/w + -2). Let o(y) = 2*y**2 - 8*y + 5. Calculate the remainder when 28 is divided by o(u).
13
Suppose -13 = o - 2*o. Suppose -2*h - 31 = -13. Let k = o + h. What is the remainder when 5 is divided by k?
1
Let i = -42 + 70. Calculate the remainder when i is divided by 16.
12
Suppose 8 = -2*i + 3*i. Let x = 77 - 47. Calculate the remainder when x is divided by i.
6
Calculate the remainder when 25 is divided by (7/2)/((-1)/(-2)).
4
Suppose -2*l - 2*a = -0*a - 52, 4*l = -5*a + 103. Let f = -112 - -122. What is the remainder when l is divided by f?
7
Let y(q) = -q**3 - 5*q - 2 + 5*q. Let r be y(0). Let n(s) = -17*s - 3. Calculate the remainder when n(r) is divided by 11.
9
Let v = -39 - -77. Calculate the remainder when v is divided by 10.
8
Suppose -6 = -5*u + 4. Calculate the remainder when 8/5 + 6/15 is divided by u.
0
Let o(b) = -3 + 25*b**2 + 5 - 1 - 2*b. What is the remainder when o(1) is divided by 9?
6
Let b(o) = 3*o**3 - o**2 - 2*o - 3. Let s(h) = h**3 + h**2 - h. Let q(l) = -b(l) + 4*s(l). Calculate the remainder when 38 is divided by q(-5).
12
Let m be (-6)/(-10)*(-10 - -15). Suppose -4*d = 5*y - 45, 5 = m*y - y - d. What is the remainder when y is divided by 2?
1
Suppose -2*o - 3*q + 6 = -q, 3 = -3*q. Suppose -68 = -o*n - 3*v, -20 = -v - 4*v. Calculate the remainder when n is divided by 5.
4
Suppose -4*r - c + 53 = -4*c, -r + 2*c = -7. What is the remainder when -10*(-1 - -6)/(-1) is divided by r?
16
Let m be ((-5)/(-3))/((-1)/(-3)). Suppose -m*a - r = 2*r - 76, 2*r - 18 = -a. Calculate the remainder when 53 is divided by a.
11
Let h = 136 - 76. Let y = 113 - h. Suppose 0 = 6*u - 10*u + 72. What is the remainder when y is divided by u?
17
Let d(t) = t**2 + 2*t - 6. Let f be d(-5). Suppose -3*j + f + 27 = 0. Calculate the remainder when 33 is divided by j.
9
Let z(v) = -v + 13. Let x be z(7). Let n be ((-10)/4 - -2)*0. Let s = x - n. What is the remainder when 11 is divided by s?
5
Let c = -8 + 10. Suppose 12 = c*h - 8. Calculate the remainder when 27 is divided by h.
7
Let o(z) be the third derivative of -z**5/60 - z**4/4 + 3*z**3/2 + z**2. Calculate the remainder when (1 - (-4)/(-6))*9 is divided by o(-7).
1
Let q = -25 + 41. Suppose 0 = -5*a + 5*f + 170, -140 = -4*a - 3*f + 8*f. What is the remainder when a is divided by q?
14
Let f(z) = 2*z**2 + z + 2. Suppose -3*o + 4*j + 4 = -2, 0 = 2*o + 2*j + 10. What is the remainder when 22 is divided by f(o)?
6
Suppose -5*m + 147 + 73 = 0. Calculate the remainder when 131 is divided by m.
43
Suppose -r - r - 40 = -l, 4*l = 3*r + 135. Suppose 4*d - 33 - 11 = 0. What is the remainder when l is divided by d?
8
Let m = 42 - 34. Suppose 43 = 2*r - 3. Calculate the remainder when r is divided by m.
7
Let n(x) = -x**3 - x**2 - x + 1. Calculate the remainder when n(-4) is divided by 5.
3
Suppose 0 = -t + 15. Let u be (-112)/(-6)*9/(-6). Let g = 30 - u. Calculate the remainder when g is divided by t.
13
Suppose 6 + 22 = -o. Let w = -4 - o. What is the remainder when w is divided by (-4)/14 - (-130)/14?
6
Calculate the remainder when 34 + 2/(-4) + 9/6 is divided by 12.
11
Let s = 32 - -2. What is the remainder when 67 is divided by s?
33
What is the remainder when 18*(3 - 15/9) is divided by 13?
11
Suppose -7 + 27 = 5*m. Suppose -3*t = -2*b + 108, 5*b - 3*t - 287 = -m*t. Calculate the remainder when b is divided by 30.
27
Let x(h) = -3*h - 9. What is the remainder when 43 is divided by x(-6)?
7
Let v(g) be the third derivative of 1/24*g**4 + 1/2*g**3 + 0*g + 0 - 2*g**2. What is the remainder when 15 is divid